{"id":258,"date":"2026-01-19T14:33:10","date_gmt":"2026-01-19T14:33:10","guid":{"rendered":"https:\/\/tienda3d.bio-esencia.net\/?page_id=258"},"modified":"2026-03-02T17:26:11","modified_gmt":"2026-03-02T17:26:11","slug":"258-2","status":"publish","type":"page","link":"https:\/\/tienda3d.bio-esencia.net\/index.php\/258-2\/","title":{"rendered":"La materia prima"},"content":{"rendered":"\n<p class=\"has-text-align-center\"><p>Bio-Esencia.nutxi SL es una iniciativa pionera que pone el foco en el material, eligiendo un hilo t\u00e9cnico y sostenible para unir rendimiento, seguridad y respeto por el entorno en cada herramienta.<\/p><\/p>\n\n\n\n<div class=\"wp-block-group alignfull has-global-padding is-layout-constrained wp-container-core-group-is-layout-490fa1db wp-block-group-is-layout-constrained\" style=\"padding-top:var(--wp--preset--spacing--50);padding-right:var(--wp--preset--spacing--50);padding-bottom:var(--wp--preset--spacing--50);padding-left:var(--wp--preset--spacing--50)\">\n<div class=\"wp-block-group has-global-padding is-layout-constrained wp-container-core-group-is-layout-650790e1 wp-block-group-is-layout-constrained\">\n<div class=\"wp-block-buttons is-content-justification-center is-layout-flex wp-container-core-buttons-is-layout-a89b3969 wp-block-buttons-is-layout-flex\">\n<div class=\"wp-block-button\"><a class=\"wp-block-button__link wp-element-button\" href=\"https:\/\/tienda3d.bio-esencia.net\/index.php\/tienda\/\">Nuestro productos<\/a><\/div>\n<\/div>\n<\/div>\n\n\n\n<figure class=\"wp-block-image alignwide size-full\"><img fetchpriority=\"high\" decoding=\"async\" width=\"2048\" height=\"2048\" src=\"https:\/\/tienda3d.bio-esencia.net\/wp-content\/uploads\/2026\/01\/moldes-personalizados.jpeg\" alt=\"\" class=\"wp-image-113\" srcset=\"https:\/\/tienda3d.bio-esencia.net\/wp-content\/uploads\/2026\/01\/moldes-personalizados.jpeg 2048w, https:\/\/tienda3d.bio-esencia.net\/wp-content\/uploads\/2026\/01\/moldes-personalizados-300x300.jpeg 300w, https:\/\/tienda3d.bio-esencia.net\/wp-content\/uploads\/2026\/01\/moldes-personalizados-1024x1024.jpeg 1024w, https:\/\/tienda3d.bio-esencia.net\/wp-content\/uploads\/2026\/01\/moldes-personalizados-150x150.jpeg 150w, https:\/\/tienda3d.bio-esencia.net\/wp-content\/uploads\/2026\/01\/moldes-personalizados-768x768.jpeg 768w, https:\/\/tienda3d.bio-esencia.net\/wp-content\/uploads\/2026\/01\/moldes-personalizados-1536x1536.jpeg 1536w, https:\/\/tienda3d.bio-esencia.net\/wp-content\/uploads\/2026\/01\/moldes-personalizados-1320x1320.jpeg 1320w, https:\/\/tienda3d.bio-esencia.net\/wp-content\/uploads\/2026\/01\/moldes-personalizados-600x600.jpeg 600w, https:\/\/tienda3d.bio-esencia.net\/wp-content\/uploads\/2026\/01\/moldes-personalizados-100x100.jpeg 100w\" sizes=\"(max-width: 2048px) 100vw, 2048px\" \/><\/figure>\n<\/div>\n\n\n\n<div class=\"wp-block-group alignfull has-base-2-background-color has-background has-global-padding is-layout-constrained wp-container-core-group-is-layout-669513ed wp-block-group-is-layout-constrained\" style=\"margin-top:0;margin-bottom:0;padding-top:var(--wp--preset--spacing--50);padding-right:var(--wp--preset--spacing--50);padding-bottom:var(--wp--preset--spacing--50);padding-left:var(--wp--preset--spacing--50)\">\n<div class=\"wp-block-group is-vertical is-content-justification-center is-layout-flex wp-container-core-group-is-layout-52b864f0 wp-block-group-is-layout-flex\">\n<h2 class=\"wp-block-heading\">Un hilo muy especial<\/h2>\n\n\n\n<div style=\"height:0px\" aria-hidden=\"true\" class=\"wp-block-spacer wp-container-content-4f2ccadb\"><\/div>\n\n\n\n<p class=\"has-text-align-center\"><p>\ud83c\udf3f Un hilo especial para creaciones conscientes<\/p><\/p>\n\n\n\n<p class=\"has-text-align-center\">Trabajamos con un filamento <strong>100 % renovable, sin aceite y certificado como biodegradable seg\u00fan la norma DIN EN ISO 14855<\/strong>, lo que garantiza una descomposici\u00f3n responsable en condiciones adecuadas, sin dejar residuos t\u00f3xicos. No es una promesa bonita: es un <strong>compromiso real<\/strong> con el entorno y con la forma en la que creamos.<\/p>\n\n\n\n<p class=\"has-text-align-center\"><p>Este material cuenta adem\u00e1s con <strong>aprobaci\u00f3n alimentaria (FDA)<\/strong> y ofrece un <strong>acabado semimate de alta calidad<\/strong>, combinando <strong>rigidez, resistencia a la flexi\u00f3n y al impacto<\/strong>, junto con una <strong>alta resistencia t\u00e9rmica<\/strong>, lo que lo hace ideal para herramientas que necesitan durar y rendir bien en el tiempo..<\/p><\/p>\n<\/div>\n\n\n\n<p class=\"has-text-align-center\">Ten en cuenta que los moldes de color <strong>pierden intensidad<\/strong> debido al contacto con la sosa c\u00e1ustica; es una reacci\u00f3n normal del material y no afecta en absoluto a su funcionalidad ni al resultado de tu jab\u00f3n.<\/p>\n\n\n\n<p class=\"has-text-align-center\"><p>&nbsp;<\/p><\/p>\n\n\n\n<div class=\"wp-block-group is-vertical is-content-justification-center is-layout-flex wp-container-core-group-is-layout-52b864f0 wp-block-group-is-layout-flex\">\n<h2 class=\"wp-block-heading\">\u00bfPor qu\u00e9 no usamos PLA?<\/h2>\n<\/div>\n\n\n\n<p>&nbsp;<\/p>\n\n\n\n<div class=\"wp-block-group is-vertical is-content-justification-center is-layout-flex wp-container-core-group-is-layout-52b864f0 wp-block-group-is-layout-flex\">\n<p class=\"has-text-align-center\">El PLA suele presentarse como un material ecol\u00f3gico, pero su biodegradaci\u00f3n <strong>solo ocurre en plantas de compostaje industrial<\/strong>, bajo condiciones muy concretas de temperatura, humedad y microorganismos.<br>En entornos reales \u2014como vertederos o la naturaleza\u2014 <strong>no se degrada adecuadamente<\/strong> y se comporta como cualquier otro pl\u00e1stico.<\/p>\n\n\n\n<p class=\"has-text-align-center\"><p>Por eso hemos elegido un material que va <strong>m\u00e1s all\u00e1 del marketing verde<\/strong>, ofreciendo una alternativa coherente, m\u00e1s resistente y adecuada para herramientas de uso continuado.<\/p><\/p>\n\n\n\n<p>&nbsp;<\/p>\n<\/div>\n\n\n\n<p>&nbsp;<\/p>\n\n\n\n<div class=\"wp-block-group is-vertical is-content-justification-center is-layout-flex wp-container-core-group-is-layout-52b864f0 wp-block-group-is-layout-flex\">\n<h2 class=\"wp-block-heading\">Crear con sentido tambi\u00e9n es elegir bien el material<\/h2>\n<\/div>\n\n\n\n<p>&nbsp;<\/p>\n\n\n\n<div class=\"wp-block-group is-vertical is-content-justification-center is-layout-flex wp-container-core-group-is-layout-52b864f0 wp-block-group-is-layout-flex\">\n<p>&nbsp;<\/p>\n\n\n\n<ul class=\"wp-block-list\">\n<li>Materias primas <strong>100 % renovables<\/strong><\/li>\n\n\n\n<li><strong>Biodegradable<\/strong> seg\u00fan normativa certificada<\/li>\n\n\n\n<li><strong>Sin aceite<\/strong>, m\u00e1s respetuoso con el entorno<\/li>\n\n\n\n<li>Alta resistencia <strong>t\u00e9rmica, mec\u00e1nica y al impacto<\/strong><\/li>\n\n\n\n<li>Seguro para usos relacionados con <strong>cosm\u00e9tica s\u00f3lida<\/strong><\/li>\n<\/ul>\n\n\n\n<p class=\"has-text-align-center\"><p>Porque la cosm\u00e9tica natural no solo se formula.<br><strong>Tambi\u00e9n se acompa\u00f1a con herramientas coherentes.<\/strong>.<\/p><\/p>\n<\/div>\n<\/div>\n\n\n\n<div class=\"wp-block-group alignfull has-base-2-background-color has-background has-global-padding is-layout-constrained wp-container-core-group-is-layout-669513ed wp-block-group-is-layout-constrained\" style=\"margin-top:0;margin-bottom:0;padding-top:var(--wp--preset--spacing--50);padding-right:var(--wp--preset--spacing--50);padding-bottom:var(--wp--preset--spacing--50);padding-left:var(--wp--preset--spacing--50)\">\n<div class=\"wp-block-group is-vertical is-content-justification-center is-layout-flex wp-container-core-group-is-layout-52b864f0 wp-block-group-is-layout-flex\">\n<h2 class=\"wp-block-heading\">Tiempos de fabricaci\u00f3n<\/h2>\n\n\n\n<div style=\"height:0px\" aria-hidden=\"true\" class=\"wp-block-spacer wp-container-content-4f2ccadb\"><\/div>\n\n\n\n<p class=\"has-text-align-center\"><p>Cada molde se imprime de forma individual con <strong>par\u00e1metros t\u00e9cnicos muy espec\u00edficos<\/strong>, dise\u00f1ados para ofrecer mayor durabilidad, estabilidad y resistencia al calor de la saponificaci\u00f3n, evitando deformaciones.&nbsp;<\/p><\/p>\n\n\n\n<p class=\"has-text-align-center\"><p>Este proceso requiere <strong>aproximadamente 3 d\u00edas de impresi\u00f3n continua<\/strong>, ya que se utilizan ajustes de fabricaci\u00f3n m\u00e1s exigentes que los habituales, pensados para garantizar una herramienta s\u00f3lida y funcional a largo plazo.<\/p><\/p>\n\n\n\n<p class=\"has-text-align-center\"><p>Por este motivo, <strong>no es posible realizar env\u00edos de un d\u00eda para otro<\/strong>. Cada pieza se fabrica bajo pedido, con el tiempo y el cuidado necesarios para asegurar su calidad. Gracias por valorar un proceso consciente y hecho con dedicaci\u00f3n.<\/p><\/p>\n<\/div>\n<\/div>\n\n\n\n<p class=\"has-text-align-center\"><p>En <strong>Bio-Esencia 3D<\/strong> contamos con un <strong>foro privado en Telegram<\/strong> pensado para acompa\u00f1arte antes, durante y despu\u00e9s de tu compra.<br>Un espacio vivo donde puedes <strong>resolver dudas sobre moldes, sellos, medidas, materiales, usos y cuidados<\/strong>, compartir experiencias y aprender tambi\u00e9n de otras manos creadoras.<\/p><\/p>\n\n\n\n<p class=\"has-text-align-center\"><p>No es atenci\u00f3n fr\u00eda ni respuestas autom\u00e1ticas.<br>Es un lugar de <strong>apoyo real, cercano y consciente<\/strong>, porque sabemos que crear tambi\u00e9n genera preguntas\u2026 y nos encanta acompa\u00f1arte en el proceso.<\/p><\/p>\n\n\n\n<p class=\"has-text-align-center\"><p>&nbsp;<\/p><\/p>\n\n\n\n<div class=\"wp-block-buttons is-content-justification-center is-layout-flex wp-container-core-buttons-is-layout-a89b3969 wp-block-buttons-is-layout-flex\">\n<div class=\"wp-block-button\"><a class=\"wp-block-button__link wp-element-button\" href=\"https:\/\/t.me\/+KuzqE_nyLsA3YjRk\">ACCESO A TELEGRAM<\/a><\/div>\n<\/div>\n\n\n\n<p>&nbsp;<\/p>\n\n\n\n<div class=\"wp-block-group alignfull has-base-2-background-color has-background has-global-padding is-layout-constrained wp-container-core-group-is-layout-669513ed wp-block-group-is-layout-constrained\" style=\"margin-top:0;margin-bottom:0;padding-top:var(--wp--preset--spacing--50);padding-right:var(--wp--preset--spacing--50);padding-bottom:var(--wp--preset--spacing--50);padding-left:var(--wp--preset--spacing--50)\"><\/div>\n\n\n\n<div class=\"wp-block-group alignfull has-base-color has-contrast-background-color has-text-color has-background has-global-padding is-layout-constrained wp-container-core-group-is-layout-ef3d885c wp-block-group-is-layout-constrained\" style=\"margin-top:0;margin-bottom:0;padding-top:var(--wp--preset--spacing--60);padding-right:var(--wp--preset--spacing--60);padding-bottom:var(--wp--preset--spacing--60);padding-left:var(--wp--preset--spacing--60)\">\n<div class=\"wp-block-group has-global-padding is-layout-constrained wp-block-group-is-layout-constrained\">\n<p class=\"has-base-color has-text-color has-x-large-font-size\" style=\"line-height:1.2\"><p style=\"line-height: 1.2;\">\u00abLa sostenibilidad real empieza en la elecci\u00f3n del material\u00bb<\/p><\/p>\n\n\n\n<div style=\"height:var(--wp--preset--spacing--10)\" aria-hidden=\"true\" class=\"wp-block-spacer\"><\/div>\n\n\n\n<div class=\"wp-block-group is-vertical is-content-justification-center is-nowrap is-layout-flex wp-container-core-group-is-layout-2dc08cea wp-block-group-is-layout-flex\">\n<figure class=\"wp-block-image aligncenter size-thumbnail is-resized has-custom-border\"><img decoding=\"async\" width=\"150\" height=\"150\" src=\"https:\/\/tienda3d.bio-esencia.net\/wp-content\/uploads\/2026\/01\/VideoCapture_20250221-2259591-150x150.jpg\" alt=\"\" class=\"wp-image-80\" style=\"border-radius:100px;aspect-ratio:1;object-fit:cover;width:60px\" srcset=\"https:\/\/tienda3d.bio-esencia.net\/wp-content\/uploads\/2026\/01\/VideoCapture_20250221-2259591-150x150.jpg 150w, https:\/\/tienda3d.bio-esencia.net\/wp-content\/uploads\/2026\/01\/VideoCapture_20250221-2259591-300x300.jpg 300w, https:\/\/tienda3d.bio-esencia.net\/wp-content\/uploads\/2026\/01\/VideoCapture_20250221-2259591-100x100.jpg 100w\" sizes=\"(max-width: 150px) 100vw, 150px\" \/><\/figure>\n\n\n\n<p class=\"has-text-align-center\" style=\"margin-top:var(--wp--preset--spacing--10);margin-bottom:0\"><p style=\"margin-top: var(--wp--preset--spacing--10); margin-bottom: 0;\">Ana Mateos<\/p><\/p>\n\n\n\n<p class=\"has-text-align-center has-contrast-3-color has-text-color has-small-font-size\" style=\"font-style:normal;font-weight:300\"><p style=\"font-style: normal; font-weight: 300;\">CEO, Bio-esencia.nutxi<\/p><\/p>\n<\/div>\n<\/div>\n<\/div>\n\n\n\n<p>&nbsp;<\/p>\n\n\n\n<p><\/p>\n","protected":false},"excerpt":{"rendered":"<p>Bio-Esencia.nutxi SL es una iniciativa pionera que pone el foco en el material, eligiendo un hilo t\u00e9cnico y sostenible para unir rendimiento, seguridad y respeto por el entorno en cada herramienta. Un hilo muy especial \ud83c\udf3f Un hilo especial para creaciones conscientes Trabajamos con un filamento 100 % renovable, sin aceite y certificado como biodegradable [&hellip;]<\/p>\n","protected":false},"author":1,"featured_media":0,"parent":0,"menu_order":0,"comment_status":"closed","ping_status":"closed","template":"","meta":{"footnotes":""},"class_list":["post-258","page","type-page","status-publish","hentry"],"jetpack_sharing_enabled":true,"_links":{"self":[{"href":"https:\/\/tienda3d.bio-esencia.net\/index.php\/wp-json\/wp\/v2\/pages\/258","targetHints":{"allow":["GET"]}}],"collection":[{"href":"https:\/\/tienda3d.bio-esencia.net\/index.php\/wp-json\/wp\/v2\/pages"}],"about":[{"href":"https:\/\/tienda3d.bio-esencia.net\/index.php\/wp-json\/wp\/v2\/types\/page"}],"author":[{"embeddable":true,"href":"https:\/\/tienda3d.bio-esencia.net\/index.php\/wp-json\/wp\/v2\/users\/1"}],"replies":[{"embeddable":true,"href":"https:\/\/tienda3d.bio-esencia.net\/index.php\/wp-json\/wp\/v2\/comments?post=258"}],"version-history":[{"count":27,"href":"https:\/\/tienda3d.bio-esencia.net\/index.php\/wp-json\/wp\/v2\/pages\/258\/revisions"}],"predecessor-version":[{"id":362,"href":"https:\/\/tienda3d.bio-esencia.net\/index.php\/wp-json\/wp\/v2\/pages\/258\/revisions\/362"}],"wp:attachment":[{"href":"https:\/\/tienda3d.bio-esencia.net\/index.php\/wp-json\/wp\/v2\/media?parent=258"}],"curies":[{"name":"wp","href":"https:\/\/api.w.org\/{rel}","templated":true}]}}