{"id":155,"date":"2026-01-15T21:26:25","date_gmt":"2026-01-15T21:26:25","guid":{"rendered":"https:\/\/tienda3d.bio-esencia.net\/?post_type=product&#038;p=155"},"modified":"2026-01-19T13:53:27","modified_gmt":"2026-01-19T13:53:27","slug":"sello-para-jabones-de-limpieza-de-trastes","status":"publish","type":"product","link":"https:\/\/tienda3d.bio-esencia.net\/index.php\/producto\/sello-para-jabones-de-limpieza-de-trastes\/","title":{"rendered":"Sello para jabones de limpieza de trastes"},"content":{"rendered":"<p data-start=\"202\" data-end=\"385\">Sello pensado para <strong data-start=\"221\" data-end=\"280\">marcar claramente tus jabones de lavar platos y trastes<\/strong>, para que no haya l\u00edos ni confusiones en la cocina. Lo ves y queda claro: <strong data-start=\"355\" data-end=\"384\">este jab\u00f3n es para fregar<\/strong>.<\/p>\n<p data-start=\"387\" data-end=\"591\">Ideal para jabones s\u00f3lidos de vajilla, pastillas para lavar a mano o f\u00f3rmulas desengrasantes. Aporta orden, claridad y ese toque de \u201cbien hecho\u201d que se agradece cuando haces tus propios productos en casa.<\/p>\n<p data-start=\"593\" data-end=\"731\">F\u00e1cil de usar y muy pr\u00e1ctico, perfecto para quienes hacen jab\u00f3n de trastes y quieren que <strong data-start=\"682\" data-end=\"730\">se entienda de un vistazo y se use sin dudas<\/strong>.<\/p>\n<ul>\n<li data-start=\"2509\" data-end=\"2627\"><strong>El color puede variar *<\/strong><\/li>\n<\/ul>\n<p>&nbsp;<\/p>\n<p data-start=\"2093\" data-end=\"2195\">\n","protected":false},"excerpt":{"rendered":"<p>Sello pensado para marcar claramente tus jabones de lavar platos y trastes, para que no haya l\u00edos ni confusiones en la cocina. Lo ves y queda claro: este jab\u00f3n es para fregar. Ideal para jabones s\u00f3lidos de vajilla, pastillas para lavar a mano o f\u00f3rmulas desengrasantes. Aporta orden, claridad y ese toque de \u201cbien hecho\u201d [&hellip;]<\/p>\n","protected":false},"featured_media":156,"comment_status":"open","ping_status":"closed","template":"","meta":[],"product_brand":[],"product_cat":[25],"product_tag":[27],"class_list":{"0":"post-155","1":"product","2":"type-product","3":"status-publish","4":"has-post-thumbnail","6":"product_cat-sellos","7":"product_tag-jabones","9":"first","10":"instock","11":"taxable","12":"shipping-taxable","13":"purchasable","14":"product-type-simple"},"jetpack_sharing_enabled":true,"_links":{"self":[{"href":"https:\/\/tienda3d.bio-esencia.net\/index.php\/wp-json\/wp\/v2\/product\/155","targetHints":{"allow":["GET"]}}],"collection":[{"href":"https:\/\/tienda3d.bio-esencia.net\/index.php\/wp-json\/wp\/v2\/product"}],"about":[{"href":"https:\/\/tienda3d.bio-esencia.net\/index.php\/wp-json\/wp\/v2\/types\/product"}],"replies":[{"embeddable":true,"href":"https:\/\/tienda3d.bio-esencia.net\/index.php\/wp-json\/wp\/v2\/comments?post=155"}],"wp:featuredmedia":[{"embeddable":true,"href":"https:\/\/tienda3d.bio-esencia.net\/index.php\/wp-json\/wp\/v2\/media\/156"}],"wp:attachment":[{"href":"https:\/\/tienda3d.bio-esencia.net\/index.php\/wp-json\/wp\/v2\/media?parent=155"}],"wp:term":[{"taxonomy":"product_brand","embeddable":true,"href":"https:\/\/tienda3d.bio-esencia.net\/index.php\/wp-json\/wp\/v2\/product_brand?post=155"},{"taxonomy":"product_cat","embeddable":true,"href":"https:\/\/tienda3d.bio-esencia.net\/index.php\/wp-json\/wp\/v2\/product_cat?post=155"},{"taxonomy":"product_tag","embeddable":true,"href":"https:\/\/tienda3d.bio-esencia.net\/index.php\/wp-json\/wp\/v2\/product_tag?post=155"}],"curies":[{"name":"wp","href":"https:\/\/api.w.org\/{rel}","templated":true}]}}