{"id":277,"date":"2026-01-19T17:11:40","date_gmt":"2026-01-19T17:11:40","guid":{"rendered":"https:\/\/tienda3d.bio-esencia.net\/?post_type=product&#038;p=277"},"modified":"2026-01-19T17:12:18","modified_gmt":"2026-01-19T17:12:18","slug":"sello-herbal","status":"publish","type":"product","link":"https:\/\/tienda3d.bio-esencia.net\/index.php\/producto\/sello-herbal\/","title":{"rendered":"Sello \u00abHERBAL\u00bb"},"content":{"rendered":"<p data-start=\"189\" data-end=\"228\"><strong data-start=\"189\" data-end=\"228\">Para jabones que nacen de la tierra<\/strong><\/p>\n<p data-start=\"230\" data-end=\"286\">Este sello no es solo una palabra.<br data-start=\"264\" data-end=\"267\" \/>Es una declaraci\u00f3n.<\/p>\n<p data-start=\"288\" data-end=\"484\">Herbal habla de ra\u00edz, de hojas, de f\u00f3rmulas que respetan el ritmo de la planta y el tiempo de maceraci\u00f3n. Representa lo esencial, lo sencillo bien hecho y el conocimiento que pasa de mano en mano.<\/p>\n<p data-start=\"486\" data-end=\"634\">Es perfecto para jabones con plantas, infusiones, extractos, polvos bot\u00e1nicos o recetas inspiradas en la tradici\u00f3n herbal y la cosm\u00e9tica de siempre.<\/p>\n<p data-start=\"636\" data-end=\"695\">Marca el jab\u00f3n con claridad, sin artificios, pero con alma.<\/p>\n<p data-start=\"697\" data-end=\"766\">Un s\u00edmbolo reconocible que conecta de forma inmediata con lo natural.<\/p>\n<p data-start=\"768\" data-end=\"903\">Para quienes formulan con plantas reales, no con promesas vac\u00edas.<br data-start=\"833\" data-end=\"836\" \/>Para manos que saben que lo simple, cuando es honesto, es poderoso.<\/p>\n<p data-start=\"768\" data-end=\"903\"><strong>\u00abEl color del sello puedo variar\u00bb<\/strong><\/p>\n","protected":false},"excerpt":{"rendered":"<p>Para jabones que nacen de la tierra Este sello no es solo una palabra.Es una declaraci\u00f3n. Herbal habla de ra\u00edz, de hojas, de f\u00f3rmulas que respetan el ritmo de la planta y el tiempo de maceraci\u00f3n. Representa lo esencial, lo sencillo bien hecho y el conocimiento que pasa de mano en mano. Es perfecto para [&hellip;]<\/p>\n","protected":false},"featured_media":278,"comment_status":"open","ping_status":"closed","template":"","meta":[],"product_brand":[],"product_cat":[25],"product_tag":[27],"class_list":{"0":"post-277","1":"product","2":"type-product","3":"status-publish","4":"has-post-thumbnail","6":"product_cat-sellos","7":"product_tag-jabones","9":"first","10":"instock","11":"taxable","12":"shipping-taxable","13":"purchasable","14":"product-type-simple"},"jetpack_sharing_enabled":true,"_links":{"self":[{"href":"https:\/\/tienda3d.bio-esencia.net\/index.php\/wp-json\/wp\/v2\/product\/277","targetHints":{"allow":["GET"]}}],"collection":[{"href":"https:\/\/tienda3d.bio-esencia.net\/index.php\/wp-json\/wp\/v2\/product"}],"about":[{"href":"https:\/\/tienda3d.bio-esencia.net\/index.php\/wp-json\/wp\/v2\/types\/product"}],"replies":[{"embeddable":true,"href":"https:\/\/tienda3d.bio-esencia.net\/index.php\/wp-json\/wp\/v2\/comments?post=277"}],"wp:featuredmedia":[{"embeddable":true,"href":"https:\/\/tienda3d.bio-esencia.net\/index.php\/wp-json\/wp\/v2\/media\/278"}],"wp:attachment":[{"href":"https:\/\/tienda3d.bio-esencia.net\/index.php\/wp-json\/wp\/v2\/media?parent=277"}],"wp:term":[{"taxonomy":"product_brand","embeddable":true,"href":"https:\/\/tienda3d.bio-esencia.net\/index.php\/wp-json\/wp\/v2\/product_brand?post=277"},{"taxonomy":"product_cat","embeddable":true,"href":"https:\/\/tienda3d.bio-esencia.net\/index.php\/wp-json\/wp\/v2\/product_cat?post=277"},{"taxonomy":"product_tag","embeddable":true,"href":"https:\/\/tienda3d.bio-esencia.net\/index.php\/wp-json\/wp\/v2\/product_tag?post=277"}],"curies":[{"name":"wp","href":"https:\/\/api.w.org\/{rel}","templated":true}]}}