{"id":309,"date":"2026-01-31T23:33:20","date_gmt":"2026-01-31T23:33:20","guid":{"rendered":"https:\/\/tienda3d.bio-esencia.net\/?post_type=product&#038;p=309"},"modified":"2026-03-10T13:02:33","modified_gmt":"2026-03-10T13:02:33","slug":"molde-redondo-con-embudo-tecnica-funnel-swirl","status":"publish","type":"product","link":"https:\/\/tienda3d.bio-esencia.net\/index.php\/producto\/molde-redondo-con-embudo-tecnica-funnel-swirl\/","title":{"rendered":"Molde redondo con embudo &#8211; T\u00e9cnica Funnel Swirl"},"content":{"rendered":"<p data-start=\"133\" data-end=\"177\">Para jabones que giran, fluyen y sorprenden.<\/p>\n<p data-start=\"179\" data-end=\"303\">Este molde est\u00e1 pensado para que puedas <strong data-start=\"219\" data-end=\"265\">hacer la t\u00e9cnica del embudo (funnel swirl)<\/strong> de forma c\u00f3moda, segura y sin estr\u00e9s.<\/p>\n<p data-start=\"179\" data-end=\"303\">Fuerte y robusto para evitar que se deforme con el calor de la saponificaci\u00f3n.<\/p>\n<p data-start=\"305\" data-end=\"493\">El embudo queda <strong data-start=\"321\" data-end=\"376\">perfectamente fijado en la parte superior del molde<\/strong>, as\u00ed puedes trabajar con varias jarras a la vez sin miedo a que se mueva, se caiga o pierdas el control de la traza.<\/p>\n<p data-start=\"495\" data-end=\"600\">Ideal tanto si est\u00e1s empezando con esta t\u00e9cnica como si ya quieres llevar tus dise\u00f1os al siguiente nivel.<\/p>\n<h3 data-start=\"602\" data-end=\"622\">Caracter\u00edsticas:<\/h3>\n<p data-start=\"623\" data-end=\"809\">\u2013 Molde redondo para <strong data-start=\"644\" data-end=\"659\">4 pastillas<\/strong><br data-start=\"659\" data-end=\"662\" \/>\u2013 Di\u00e1metro de cada pastilla: <strong data-start=\"691\" data-end=\"699\">7 cm<\/strong><br data-start=\"699\" data-end=\"702\" \/>\u2013 Grosor aproximado: <strong data-start=\"723\" data-end=\"733\">2,5 cm, unos 400g aprox.<\/strong><br data-start=\"733\" data-end=\"736\" \/>\u2013 Embudo integrado y estable<br data-start=\"764\" data-end=\"767\" \/>\u2013 Compatible con otras t\u00e9cnicas circulares<\/p>\n<p data-start=\"623\" data-end=\"809\"><strong>Incluye garant\u00eda de 1 a\u00f1o<\/strong><\/p>\n<p data-start=\"633\" data-end=\"743\"><strong>*El color puede variar*<\/strong><\/p>\n<p data-start=\"633\" data-end=\"743\"><strong>*NO APTO PARA LAVAVAJILLAS*<\/strong><\/p>\n<p data-start=\"633\" data-end=\"743\"><strong>Nota: Los moldes de color pierden intensidad con el uso por el contacto con la sosa c\u00e1ustica. Es algo normal y solo afecta al color, no a su funcionamiento.<\/strong><\/p>\n","protected":false},"excerpt":{"rendered":"<p>Para jabones que giran, fluyen y sorprenden. Este molde est\u00e1 pensado para que puedas hacer la t\u00e9cnica del embudo (funnel swirl) de forma c\u00f3moda, segura y sin estr\u00e9s. Fuerte y robusto para evitar que se deforme con el calor de la saponificaci\u00f3n. El embudo queda perfectamente fijado en la parte superior del molde, as\u00ed puedes [&hellip;]<\/p>\n","protected":false},"featured_media":330,"comment_status":"open","ping_status":"closed","template":"","meta":[],"product_brand":[],"product_cat":[26],"product_tag":[27],"class_list":{"0":"post-309","1":"product","2":"type-product","3":"status-publish","4":"has-post-thumbnail","6":"product_cat-moldes","7":"product_tag-jabones","9":"first","10":"instock","11":"taxable","12":"shipping-taxable","13":"purchasable","14":"product-type-simple"},"jetpack_sharing_enabled":true,"_links":{"self":[{"href":"https:\/\/tienda3d.bio-esencia.net\/index.php\/wp-json\/wp\/v2\/product\/309","targetHints":{"allow":["GET"]}}],"collection":[{"href":"https:\/\/tienda3d.bio-esencia.net\/index.php\/wp-json\/wp\/v2\/product"}],"about":[{"href":"https:\/\/tienda3d.bio-esencia.net\/index.php\/wp-json\/wp\/v2\/types\/product"}],"replies":[{"embeddable":true,"href":"https:\/\/tienda3d.bio-esencia.net\/index.php\/wp-json\/wp\/v2\/comments?post=309"}],"wp:featuredmedia":[{"embeddable":true,"href":"https:\/\/tienda3d.bio-esencia.net\/index.php\/wp-json\/wp\/v2\/media\/330"}],"wp:attachment":[{"href":"https:\/\/tienda3d.bio-esencia.net\/index.php\/wp-json\/wp\/v2\/media?parent=309"}],"wp:term":[{"taxonomy":"product_brand","embeddable":true,"href":"https:\/\/tienda3d.bio-esencia.net\/index.php\/wp-json\/wp\/v2\/product_brand?post=309"},{"taxonomy":"product_cat","embeddable":true,"href":"https:\/\/tienda3d.bio-esencia.net\/index.php\/wp-json\/wp\/v2\/product_cat?post=309"},{"taxonomy":"product_tag","embeddable":true,"href":"https:\/\/tienda3d.bio-esencia.net\/index.php\/wp-json\/wp\/v2\/product_tag?post=309"}],"curies":[{"name":"wp","href":"https:\/\/api.w.org\/{rel}","templated":true}]}}